nd r.
17
Suppose 8*a - 2093 + 533 = 0. Let l be (-3 + (-4 - -10))*13. What is the greatest common factor of l and a?
39
Let u be (2736/(-15))/(-6) - 4/10. Let j = -34 + u. Let y be 2/j + 844/8. What is the greatest common divisor of 15 and y?
15
Let t = 352 - 235. Suppose -2*w - 381 = -29*l, -13*l = -14*l - 5*w + 3. What is the greatest common divisor of t and l?
13
Let a = -971 - -1092. Suppose -b = 4*u - 2, -2*b - u = 2*u - 29. What is the highest common factor of b and a?
11
Suppose -8*y + 2469 = 29. Calculate the highest common divisor of y and 366.
61
Let o = 19 + 8. Let g(i) = 5*i + 270. Let h be g(-27). Calculate the highest common divisor of o and h.
27
Suppose -4*w + 1 = 2*m - 7*w, 0 = -2*m + w + 7. Suppose 3*v + 7 = -m. Let u(j) = -6*j - 3. Let t be u(v). Calculate the highest common divisor of t and 42.
21
Let t be 5*7/((-1960)/24) - (-444)/7. Calculate the highest common factor of t and 224.
7
Let a be (1 - (340 + 3))*16/(-24). What is the greatest common divisor of a and 24?
12
Let o(m) = -m**3 + m**2 - 10*m + 94. Let c be o(-7). What is the highest common factor of 4 and c?
4
Let p(l) = l**3 + 7*l**2 - 15*l + 29. Let m be p(-9). Suppose -5*a + 4*b = 10, 0*b = -2*a - m*b + 14. Calculate the highest common divisor of 54 and a.
2
Suppose -3*a = 4*a - 175. Let h(r) = -a + 7*r**2 + 28 + 5 - r. Let q be h(0). What is the highest common divisor of q and 40?
8
Let g = -91 - -101. Let h be -1*(-3 + 5) + 5. Suppose 3*k = -0*x - h*x - 3, 4*k = -x - 10. What is the greatest common factor of g and x?
2
Suppose -5*b = 4*y - 480, 140 - 380 = -2*y - 5*b. Let j = 162 - y. Calculate the greatest common divisor of j and 6.
6
Let t(q) = 2*q**3 - 39*q**2 - 18*q + 20. Let l be t(20). Suppose 13*p - l = 135. Calculate the greatest common divisor of p and 69.
3
Let p = -1006 + 1120. What is the highest common factor of p and 3648?
114
Let x = 19045 - 15322. What is the highest common factor of 408 and x?
51
Suppose 2*o - 9 = 3. Let h be (1 + -2)*100/(-20). Suppose h*n + z - 48 = 0, 7 + 23 = 5*n - 5*z. Calculate the greatest common divisor of n and o.
3
Suppose 111*i + 578 = 20891. What is the highest common divisor of i and 1708?
61
Suppose -62 - 100 = 6*i. Let t = 407 - i. Calculate the highest common factor of 62 and t.
62
Let r be (558/(-155))/((-1)/5). Let n be (-2 + 1)/((-8)/168). Let k be n/5 - (-4)/(-20). What is the highest common factor of r and k?
2
Let q(j) be the first derivative of j**4/2 - 10*j**3/3 + 3*j**2/2 + 25*j + 51. Let g be q(6). What is the greatest common divisor of 92 and g?
23
Let h = 10603 - 10288. Calculate the highest common factor of 390 and h.
15
Let h be (1 - 5)/(17 + (-138)/8). What is the greatest common divisor of h and 15464?
8
Let g = 180 - 342. Let t = 202 + g. Let f be (2 - (-1 - 2))*8. What is the highest common divisor of f and t?
40
Suppose -85 + 5 = -8*m. Let u = 15 - m. Suppose -2*p = -p - u*b - 23, 62 = 4*p - 5*b. What is the greatest common divisor of 52 and p?
13
Let y = -443 + 443. Suppose -3*u + 9 = y, -2*o + o - 14 = -5*u. Calculate the highest common factor of 2 and o.
1
Suppose -7*p + 9*p - 2*u - 12 = 0, -2*u = 5*p - 30. Calculate the highest common divisor of p and 58.
2
Suppose -3*b = 2*w - 59 - 43, 5*b - 192 = 4*w. Let v = -19 + b. Suppose -4*p = -5*n - 63, -2*p = -3*p + 2*n + 15. What is the highest common factor of p and v?
17
Let b(t) = -9*t + 79. Let s be b(-28). Suppose 326*u = s*u - 40. What is the greatest common divisor of u and 22?
2
Suppose 0 = 4*r + 82 + 32 - 674. What is the greatest common divisor of r and 224?
28
Let i = 27 + 36. Suppose -3*m = -3*y + 207, -287*y - 321 = -292*y + m. What is the greatest common divisor of i and y?
63
Let h = 6053 - 1557. What is the greatest common factor of 32 and h?
16
Suppose 3996 - 983 + 13185 = 91*b. What is the greatest common factor of 2 and b?
2
Let n = -69 + 8. Let s = n - -103. Let f(t) = -t**2 - 405*t - 19794. Let z be f(-57). Calculate the highest common divisor of s and z.
42
Let y = 81 + -77. Suppose -5*z + y*z - 97 = 0. Let b = z + 189. What is the greatest common divisor of b and 23?
23
Suppose 15*g + 3717 = 19*g - 5*r, -3*g + 10*r = -2794. What is the greatest common divisor of g and 480?
32
Let t(z) = 191*z + 2884. Let b be t(-14). Calculate the greatest common factor of b and 5530.
70
Suppose t = -h - 3, 2*h - t + 39 - 48 = 0. Let a = 6 + 1. Calculate the highest common factor of h and a.
1
Suppose 8*b - 310 = 9*b. Let q = -177 - b. Let c be (40/(-6) + -6)/((-2)/3). Calculate the greatest common divisor of q and c.
19
Let u = -682 - -2814. What is the highest common divisor of 260 and u?
52
Let x be 171/(-456) - (-3531)/8. Calculate the greatest common divisor of 5439 and x.
147
Suppose 0 = -78*o + 98*o - 11520. Calculate the highest common divisor of o and 36.
36
Let b = 10074 + -9164. What is the greatest common divisor of 350 and b?
70
Let d(c) = c**3 - 6*c**2 - 5*c + 5. Let v = -34 - -41. Let a be d(v). Suppose 3*y + 0*y = 12, -k - a = -5*y. What is the greatest common factor of 4 and k?
1
Let b be 57 - (28/(-6))/(-4*(-4)/(-24)). Calculate the greatest common factor of b and 7675.
25
Let i be 10/(-6)*12/((-16)/4). Suppose 6 = 3*s, -5*p + s = i*s - 168. Calculate the highest common factor of p and 56.
8
Let c be (-3 + (-1 - -1))*(-2)/(-3). Let j be (-120)/(-36)*45/c. Let x be 2/((-2 - 1)/j). What is the greatest common factor of x and 10?
10
Suppose 7*h - 3*g + 80 = 11*h, 3*g = 3*h - 60. Let l be 10/(-5) - (-6 - 0). Calculate the highest common factor of h and l.
4
Suppose -5*a + 4*b + 7240 = -3816, -3*b = -18. Calculate the highest common factor of a and 2.
2
Let l = 27 - -23. Let c(f) = -f**2 - f - 2. Let m be c(6). Let k = l + m. Calculate the highest common factor of k and 3.
3
Let s(i) = i**2 + 10*i - 3. Let n be s(-12). Let h(x) = 3*x**2 - 59*x - 70. Let k be h(22). What is the highest common factor of n and k?
21
Let q = 9180 - 9056. Calculate the highest common divisor of 2759 and q.
31
Let n = -19098 - -21659. Calculate the greatest common factor of n and 143.
13
Let d be (0 - -165) + 132/44. Suppose -107 = -5*u + 2*y, 53*y - 58*y + 37 = 2*u. Calculate the highest common factor of d and u.
21
Suppose -k - 22 = -23. Let z = -46 - -48. Let w be (k/(-2))/(z - 291/144). Calculate the highest common divisor of 264 and w.
24
Suppose 12 = 2*u + 2*y, y + y - 7 = -u. Suppose j = 4*d - 1297, 0 = -u*d + 3*j - j + 1625. What is the highest common factor of d and 57?
19
Let l be 259 + -34 + 5 - (4 - -1)*1. Calculate the highest common factor of 475 and l.
25
Let q be (-19386)/(-450) - -2*(-3)/75. Suppose -6*p + 2*p = 3*n - 1210, 3*n - 608 = -2*p. Calculate the highest common divisor of p and q.
43
Let z = -21735 - -24051. What is the greatest common divisor of z and 108?
12
Let t = -21870 - -21900. Calculate the greatest common factor of 165 and t.
15
Let m = 1407 - 1401. Let z = 198 - 105. Let l = z - 63. Calculate the highest common factor of l and m.
6
Let z(f) = 6*f**2 + 69*f - 251. Let k be z(3). Suppose 5*j = 2*j + 405. What is the greatest common factor of j and k?
5
Let r = -7 + 26. Suppose 0 = -91*s + 6548 + 2097. Calculate the greatest common factor of r and s.
19
Suppose 16*p = -32 + 32. Suppose -4*h = 5*k - 108, p = 7*k - 3*k - 4*h - 108. What is the highest common factor of k and 456?
24
Let h = -23 - -27. Suppose 60 = h*i - 7*i. Let t be (i/(-14))/((-3)/(-42)). What is the highest common factor of t and 60?
20
Let l(b) = b**3 + 53*b**2 + 59*b + 79. Let r be l(-23). Calculate the greatest common factor of 57 and r.
57
Suppose -53*n = -46*n - 2170. Suppose 0 = -2*b + 3*w + 294, -2*b - 5*w = -4*w - n. Suppose -9*p + 0*p + b = 0. What is the highest common divisor of p and 17?
17
Let v be 14/(-3) - (-6)/9. Let d be (-928)/22 - v/22. Let f = -26 - d. Calculate the greatest common factor of 144 and f.
16
Let p(q) = 4*q**3 + 3*q**2 + 7*q - 24. Let x = 137 + -131. Let t be p(x). What is the greatest common divisor of 55 and t?
55
Let b = -1316 - -1318. Suppose 0 = -4*i + 4*j + 168, -3*i = -b*j - 98 - 28. Let z = 6 + 0. What is the highest common factor of i and z?
6
Suppose -3*t - 2*d + 3617 = 0, -2*t + 1105 = -d - 1318. What is the highest common divisor of t and 39?
39
Suppose 34*w - 4207 = -1249. What is the greatest comm